(base 9) to base 15.
-8569
5654451 (base 8) to base 2
101110101100100101001
What is -20a0742 (base 11) in base 15?
-4cd6d5
10111110011110010 (base 2) to base 6
2031254
What is 195b20b (base 15) in base 7?
313244444
-202001022020 (base 3) to base 6
-12242523
1cd758 (base 14) to base 12
41b602
-105665 (base 7) to base 8
-44657
1101100101100000 (base 2) to base 4
31211200
What is 205d7 (base 14) in base 4?
103002301
-2217510 (base 11) to base 10
-3889798
Convert 7658384 (base 10) to base 3.
112102002022212
What is 31b14 (base 15) in base 5?
20021434
What is 14201326 (base 7) in base 6?
44245211
What is 85632 (base 9) in base 11?
39619
What is -100100010100110001 (base 2) in base 10?
-148785
Convert -2383a (base 12) to base 8.
-135356
What is -202010121 (base 3) in base 6?
-151541
-1615380 (base 9) to base 10
-896256
Convert eb349 (base 16) to base 8.
3531511
-7c63c5 (base 13) to base 7
-34060002
404a25 (base 12) to base 11
626113
What is 2304262 (base 7) in base 4?
1012020001
What is 30120525 (base 6) in base 8?
3174705
What is 30210002 (base 7) in base 8?
11437626
Convert 24421112 (base 6) to base 5.
144433302
What is -103389 (base 16) in base 12?
-432549
-505c35 (base 14) to base 8
-12243527
-2232a7 (base 13) to base 14
-17002a
Convert -28a260 (base 11) to base 7.
-3564154
Convert 589b8 (base 12) to base 13.
421a3
What is -408233a (base 11) in base 10?
-7206440
144737 (base 9) to base 5
10320220
906097 (base 13) to base 4
30303010333
What is -3a52a (base 13) in base 5?
-11433114
Convert 4352546 (base 8) to base 3.
2012101012202
-49a076 (base 11) to base 6
-24530250
-4529405 (base 12) to base 13
-2989cc1
Convert -2431507 (base 8) to base 12.
-282a33
Convert 10455053 (base 6) to base 12.
134489
Convert bcbb58 (base 13) to base 12.
15a8bba
What is -1202144432 (base 5) in base 11?
-16235aa
-809c69 (base 14) to base 7
-51542062
What is -12207274 (base 8) in base 6?
-133401100
What is 419993 (base 10) in base 7?
3366320
Convert -2131034313 (base 5) to base 13.
-c33919
510315 (base 6) to base 12
1b39b
Convert -1447137 (base 11) to base 9.
-4605125
-3b3e9 (base 16) to base 13
-865b7
What is -32016402 (base 7) in base 13?
-73b9c6
Convert 110302356 (base 7) to base 8.
31250027
What is -3001031220 (base 4) in base 12?
-321ba0
What is 22001200312 (base 4) in base 11?
1535202
Convert 10450475 (base 8) to base 9.
4207062
2110300123 (base 4) to base 16
94c1b
Convert -154198 (base 11) to base 15.
-4b0c3
8535718 (base 11) to base 16
e553c3
What is -1203341 (base 5) in base 4?
-11131022
What is 210221012 (base 3) in base 15?
4b0e
Convert 22110222 (base 3) to base 10.
6182
12a9266 (base 11) to base 4
20211321032
1aa0b (base 12) to base 15
ba62
-1022044 (base 7) to base 12
-5b341
-36109 (base 15) to base 12
-838b3
Convert 626d7 (base 16) to base 11.
255999
212002200220 (base 3) to base 16
6f015
-163866 (base 9) to base 5
-11220220
-3121030 (base 4) to base 5
-421100
Convert 1010111000101110110100 (base 2) to base 9.
5328622
Convert -15154416 (base 7) to base 16.
-160185
Convert 3102201201 (base 4) to base 3.
1121210212020
What is -b59051 (base 12) in base 5?
-1212401240
Convert 10021234214 (base 5) to base 16.
97c448
Convert 1101000111111011100000 (base 2) to base 3.
20110210021110
-36dc1 (base 14) to base 9
-224355
-140c02 (base 16) to base 9
-2422161
Convert -131321301 (base 4) to base 10.
-122481
Convert 100011000000101101 (base 2) to base 13.
50372
Convert -2052510 (base 6) to base 15.
-1eb40
11567436 (base 8) to base 10
2551582
21234313 (base 5) to base 2
101100000101100111
-3498a (base 11) to base 5
-3103214
Convert -2841a6 (base 13) to base 3.
-1211210112111
Convert 10110001101111000101000 (base 2) to base 5.
2442332130
Convert 2a69 (base 14) to base 3.
101100022
Convert 15522513 (base 6) to base 14.
10652d
-1010011001010111110 (base 2) to base 16
-532be
212011110220 (base 3) to base 12
19ba59
33941 (base 16) to base 11
1347aa
-2315988 (base 12) to base 13
-1524044
-45144763 (base 8) to base 3
-200100101220011
790353 (base 11) to base 16
13381b
4744387 (base 9) to base 11
14a4901
What is -1013224212 (base 5) in base 7?
-23506110
What is 230476 (base 8) in base 11?
53789
19a519a (base 12) to base 15
727574
What is 3a596 (base 15) in base 14?
4c175
Convert -5240153 (base 8) to base 5.
-324031442
Convert 449091 (base 10) to base 5.
103332331
Convert 1407440 (base 10) to base 6.
50055532
Convert -10121321103 (base 4) to base 3.
-2011122212120
What is 420340034 (base 5) in base 4?
12212201110
111411235 (base 7) to base 12
2329421
23101213212 (base 4) to base 16
2d19e6
Convert 120212001113 (base 4) to base 12.
21ab01b
What is -3685a9 (base 11) in base 7?
-4643606
-8175 (base 11) to base 13
-4c29
Convert 222102200022 (base 3) to base 11.
325984
2c3a1c (base 13) to base 14
2067a0
Convert 211112001120 (base 3) to base 6.
13300110
What is 16a5fc (base 16) in base 13?
3cc799
-a2835c (base 14) to base 13
-119a351
Convert -13121233 (base 6) to base 2.
-1101001000111110101
What is 2b385 (base 14) in base 12?
52409
Convert -310002210 (base 4) to base 8.
-640244
What is -121673 (base 10) in base 14?
-324ad
Convert 101001001001000010100100 (base 2) to base 8.
51110244
-8d94a (base 14) to base 9
-575014
Convert 101010000100100111 (base 2) to base 14.
46b31
Convert 140561 (base 7) to base 2.
110100001001011
Convert -1303313322 (base 4) to base 12.
-1aa7b6
Convert -400113451 (base 6) to base 13.
-15176a1
Convert -154242305 (base 6) to base 12.
-1126395
What is 3102304031 (base 5) in base 3?
102211121211020
What is -1251242 (base 6) in base 4?
-100312022
Convert -52b5b7 (base 13) to base 9.
-3574415
Convert -137ba (base 16) to base 5.
-10023202
What is 110100102001 (base 3) in base 8?
732557
Convert -1a391c0 (base 13) to base 4.
-200332232100
-47655 (base 9) to base 16
-7c8b
What is 545a67 (base 16) in base 15?
742e97
230900 (base 10) to base 13
81137
-11412204 (base 5) to base 4
-122022223
122200001210 (base 3) to base 6
11242033
205ba17 (base 12) to base 13
135598c
c25a5 (base 13) to base 14
90c0a
Convert 100000001001001101110101 (base 2) to base 5.
4124120412
Convert 2257427 (base 8) to base 9.
1135427
Convert -4408077 (base 9) to base 6.
-122430154
Convert 10022022201 (base 4) to base 15.
168059
Convert 2940685 (base 10) to base 4.
23031330031
Convert 100000000110001011101001 (base 2) to base 12.
2999209
-115a1e (base 15) to base 16
-ca6e2
What is 553411 (base 10) in base 13?
164b81
Convert 312531 (base 9) to base 16.
2d4ff
What is 58576 (base 10) in base 7?
332530
What is 3282991 (base 13) in base 12?
52153ba
What is 2a27216 (base 11) in base 15?
6c87b0
30a979 (base 14) to base 9
3073424
200212020202 (base 3) to base 7
3104225
Convert -10010111111000 (base 2) to base 4.
-2113320
What is -100120220200 (base 3) in base 4?
-232011030
What is -143100231 (base 5) in base 6?
-24050555
Convert -708501 (base 10) to base 8.
-2547625
What is 88b23a (base 13) in base 16?
312f5a
Convert 222202230 (base 4) to base 7.
1324011
Convert -210433332 (base 5) to base 8.
-3253351
-100110011010110001101 (base 2) to base 14
-24aacd
What is -152c7a7 (base 13) in base 11?
-3902a60
What is 110330342 (base 6) in base 5?
1002040102
Convert 32315f (base 16) to base 14.
618abd
What is -601332 (base 7) in base 5?
-11220410
Convert 3199591 (base 11) to base 14.
a6425d
What is -17e61 (base 16) in base 10?
-97889
What is 44214442 (base 5) in base 14?
9d573
What is 151832 (base 10) in base 6?
3130532
Convert 8e09a5 (base 16) to base 8.
43404645
Convert 1111101111110110010100 (base 2) to base 16.
3efd94
What is -3314214 (base 6) in base 8?
-503242
Convert 1300241 (base 5) to base 4.
12013233
What is -147668 (base 9) in base 4?
-112031000
Convert 1076425 (base 11) to base 7.
22000320
Convert e3bc (base 15) to base 10.
48102
Convert 100101100111000011110 (base 2) to base 5.
303414124
Convert 1345224 (base 10) to base 3.
2112100022010
What is 479bb8 (base 12) in base 7?
12561245
What is 11010101111111010 (base 2) in base 10?
109562
Convert 102121201201110 (base 3) to base 16.
5e39b3
Convert -200544 (base 10) to base 15.
-3e649
-171a3a6 (base 11) to base 10
-2927348
What is e845a (base 15) in base 5?
142033420
What is -1103110220 (base 4) in base 12?
-145608
Convert 14330400 (base 5) to base 9.
251421
What 